Give t(g).
16
Suppose 5 = 5*v, -3*s + 8 = 4*v - 2. Let r(a) = a**3 + 14 - s*a**2 - 17 + 6 - 5*a. Calculate r(3).
-3
Let w = -34 - -57. Let c = -13 + w. Suppose 0 = 2*a + 3*k + c, -4*k - 19 = -3*a - 0*k. Let l(y) = -8*y**3 + y**2 + y - 1. Give l(a).
-7
Let g(a) = 2*a**2 + 4*a + 4. Suppose 2*n = 5*b - 2*b + 6, 0 = 5*n + b + 19. Let j be g(n). Let k(r) = j*r**2 - 19*r**2 + 0 - 1. Determine k(-1).
-10
Let j(f) be the first derivative of 1/2*f**2 + 7*f - 26. Give j(-3).
4
Let a(u) = 68*u**3 - 35*u**2 - 2*u + 4. Let t(r) = 64*r**3 - 47*r**2 - 2*r + 5. Let k(w) = 4*a(w) - 3*t(w). Calculate k(1).
80
Let a(x) = -x**2 - 4*x**2 + 1 + 3*x**2 - x. Suppose -313 = -3*m + 4*u - 359, -4*m + 3*u - 38 = 0. Calculate a(m).
-5
Let q(a) = a**3 - 6*a**2 - 5*a + 5. Suppose -24*d + 13*d + 77 = 0. Suppose 3*l = -3*b + d + 11, 3*l + 5*b = 16. Determine q(l).
19
Let s(c) = -c**3 + 3*c**2 + 3*c - 6. Let i be -3 - (8*-3 - 3) - -1. Suppose 4*o = -i + 89. Suppose o = 4*m - 0. What is s(m)?
-10
Let w(r) = -r**2 - r - 2. Suppose 7*v - 975 + 996 = 0. Determine w(v).
-8
Let c be (-2)/(-6) + 1 + 99/27. Suppose 2*a + 10 = -2*j, 9*a + j + 17 = c*a. Let f(t) = -2*t**2 - t + 1. Give f(a).
-27
Let o(l) = l**3 + 7*l**2 - 23*l - 40. Let k be o(-9). Let a(g) be the first derivative of -1/3*g**3 + 10 + 2*g**2 - g. What is a(k)?
-6
Let q be (-3)/(-15)*(-31 - -41). Let a(s) = 3*s**3 - 2*s**2 + 14*s - 22. Give a(q).
22
Let i(s) be the first derivative of s**4/4 + 2*s**3/3 + s**2/2 + 7*s - 1. Let o(f) = -f**3 - f**2 - f - 4. Let r(n) = -3*i(n) - 5*o(n). Calculate r(2).
15
Suppose 6*s - 3*s + b = 30, 3*s - b = 30. Let c(v) = -627 - v**2 - 44994*v + 44985*v + 2*v**2 + 617. What is c(s)?
0
Let i(g) be the third derivative of -g**6/120 - 7*g**5/60 - g**4/4 - g**3/3 - 10*g**2 - 6*g. Let p = 10 - 11. Let c be (1 + 1)/p - 4. What is i(c)?
-2
Let r(m) = 10*m + 3. Let a(t) = 19*t + 8. Let d(p) = -2*a(p) + 5*r(p). Let w(v) = 3*v. Let y(k) = d(k) - 2*w(k). Determine y(-2).
-13
Let z(i) be the third derivative of i**7/5040 + 7*i**6/720 + i**5/20 - 13*i**3/6 + 19*i**2 + 4*i. Let o(a) be the third derivative of z(a). Determine o(-7).
0
Let i(s) = -2*s**2 + 642*s - 19 - 36 + 685*s - 1301*s. Give i(10).
5
Let o(w) = -1694*w + 1697*w - 710 + 692. Calculate o(7).
3
Let u(q) = -5*q**2 + 5*q + 2. Suppose 100*p = -202*p + 906. Determine u(p).
-28
Suppose 304*z - 299*z + 47 = -3*t, -3*t = -5*z + 127. Let l(x) = -x**2 - 31*x - 57. Determine l(t).
1
Let a(n) = -2 + n**3 - 2*n - 2 + 20218*n**2 - 40434*n**2 + 20213*n**2. Determine a(5).
36
Let z(c) = c**2 + 3*c + 2. Suppose 46*l + 116 = 50*l. Suppose 5*o = 3*t + 99, -4*t - 132 = -3*o + 8*o. Let v = l + t. Determine z(v).
6
Let i(t) be the first derivative of t**4/4 - 6*t**3 + 17*t**2/2 - 15*t + 173. Give i(17).
-15
Let q(y) be the third derivative of 19*y**4/24 - 87*y**3/2 + 72*y**2 + 7. What is q(14)?
5
Let n(i) = -i**2 + i + 1. Let y(a) = -6*a**2 + 2. Let z(s) = 4*n(s) - y(s). Let w = 3792 + -3794. What is z(w)?
2
Let r = -903 + 907. Let m = -8 - -11. Let d(x) = 0*x**m + x**3 - 4*x**2 + 1 + x**2 - x. Calculate d(r).
13
Let p be 84/(-23 + 11) - (-1 + -12). Let w(x) = 7*x + 2*x**3 - 4*x**3 - 5 - 7*x**2 + 3*x**3. What is w(p)?
1
Let o(l) be the first derivative of -l**2 - 10*l - 59. Let d(a) = -8*a - 309. Let z be d(-38). Give o(z).
0
Let g(x) = -10*x + 2 + x + 3*x**2 - x**3 - 13*x**2. Let w(m) = 587*m + 14666. Let f be w(-25). What is g(f)?
2
Suppose h + 4 - 8 = 0, 2*v = 2*h. Let p be (-3 - (v - 3))/(4/8). Let r(t) = -t**2 - 9*t + 11. Give r(p).
19
Let y(b) be the first derivative of 3/2*b**2 - 1/3*b**3 + 16 + 19*b. Let w(g) be the first derivative of y(g). Give w(2).
-1
Let v(f) = 2*f**2 + 15*f + 24. Let k = 21195 + -21204. Determine v(k).
51
Let m(b) = -23*b - 64. Let k(d) = -42*d - 137. Let q(u) = -4*k(u) + 7*m(u). Calculate q(-15).
-5
Suppose -138 = 18*q - 24*q. Let d = q - 21. Let o(l) = -3*l + l + 6 - 3 + 2*l**2. Determine o(d).
7
Let s be -12 - -2 - (-9 - -2). Let y = s + -4. Let d(m) = m + 3. Calculate d(y).
-4
Suppose 1035 = 100*b + 835. Let c(d) = -2*d**3 - d**2 + 6*d - 7. Determine c(b).
-15
Let o = 164 + -143. Let d = -18 + o. Let k(f) = 3*f**2 - 5*f + 2. Calculate k(d).
14
Let o(x) = -6 - 8*x + x - 22*x**2 + 21*x**2. Let v = -5 - -6. Let i be v + (-3 - -1) - 5. What is o(i)?
0
Suppose 0 = -2*l + t + 2, 0 = 5*t - 64 + 74. Let n(f) = -f**3 - 4*f**2 - 5*f - 4. Let v be n(-3). Let c(r) = r - 3 - v*r + 6. Determine c(l).
3
Let a = -22 + 21. Let c be (-2*a/6)/(1/9). Suppose -8*s - c = 37. Let l(g) = g**3 + 5*g**2 + g - 5. Give l(s).
-10
Let p be (-14 + 10)*10/(-4). Let x(r) be the third derivative of 2/3*r**3 + 1 + 1/6*r**5 + 0*r - 1/120*r**6 - 1/24*r**4 + 44*r**2. Determine x(p).
-6
Let m(z) = z**3 - 7*z**2 + 5*z + 11. Let g(f) = 151*f + 199. Let q be g(-7). Let t be (-1)/((-22)/134) - (-78)/q. Give m(t).
5
Let f(t) = -1453*t - 4352. Let a be f(-3). Let w(n) = n**3 - 5*n**2 - 11*n - 10. What is w(a)?
11
Let d(h) = -73*h**3 + 147*h**3 + 6*h - 73*h**3 - h**2 - 2 - 4*h**2. Suppose 5*o - 4*p = 23 + 9, 0 = -3*o - 4*p. What is d(o)?
6
Let k(c) be the second derivative of 0 - 1/12*c**4 + 128*c - 1/6*c**3 + 3/2*c**2. Calculate k(3).
-9
Suppose 5*i + 5 - 40 = 0. Let d(n) = -3*n + 13. What is d(i)?
-8
Let g(i) = -i**2 - 2*i + 7. Let o = 11260 - 11258. Determine g(o).
-1
Suppose 1 = s - 1. Let b(o) = 4*o - s*o - 2*o - 2 + 3*o**2. Suppose 404 + 148 = -224*q + 104. Determine b(q).
10
Let b(g) = -g**3 + 2*g**2 + 4*g + 18. Let q be b(4). Suppose 4*j - 3*p + 19 = -q*p, 4*p = -j + 8. Let x(t) = -t**3 - 4*t**2 - t. Calculate x(j).
4
Let v(n) be the first derivative of -n**2/2 - 6*n - 5897. Suppose 7*k - 5*f + 25 = 3*k, -f = -3*k - 5. Give v(k).
-6
Let r(w) = -6*w + 8*w + 2*w - 3*w - 27 + 5*w. Calculate r(6).
9
Let q(t) = 5*t**2 - 40 - t**3 + 35 - 1218*t + 1234*t. What is q(7)?
9
Let h be ((-74)/(-8) - -2)/(522/696). Let j(f) = 4*f - 68. What is j(h)?
-8
Let i(x) = -4394 - 4393 - 3*x**2 - x**3 + 8784 + 8*x. Calculate i(-4).
-19
Let o(p) = -23*p - 101. Let v(n) = -11*n - 50. Let s(d) = 4*o(d) - 9*v(d). Determine s(-4).
18
Suppose -4*v + 81 - 121 = -4*k, -k + 4*v = 5. Let l(c) = -c**3 + 16*c**2 - 17*c + 5. What is l(k)?
-25
Let n(l) = -6*l**3 + l**2 + 3*l + 2. Suppose -10914*d + 1 = -10915*d. Determine n(d).
6
Suppose 5*t = -17*n + 22*n + 40, -5*t = n - 46. Suppose 158*y - t = 155*y. Let j(v) be the second derivative of v**4/12 - 5*v**3/6 + v**2 + v. Calculate j(y).
-4
Let n = 32 - 27. Let g(m) be the third derivative of -3*m**2 + 0*m**3 - 1/24*m**4 + 0 + 0*m. Determine g(n).
-5
Let p(b) = -44*b - b**3 - 14*b**2 - 2 + 12*b + 12 + 1. What is p(-11)?
0
Let g(y) be the first derivative of -1/6*y**3 + 0*y - 1/24*y**4 + 12*y**2 + 18. Let r(j) be the second derivative of g(j). Calculate r(4).
-5
Suppose 349*x - 39*x - 1949 = 1461. Let a(w) = w**3 - 12*w**2 + 9*w + 19. Calculate a(x).
-3
Let q(j) = j**3 + j**2 - 7*j + 5. Let z be q(4). Suppose 5*l + 2 = z. Let x(n) = 3*n - 2*n - 5*n - l + 3*n. What is x(-5)?
-6
Suppose 23*p - 29 + 121 = 0. Let g be 1/((3/(-15))/(p/10)). Let i(m) = -7*m - 2. Calculate i(g).
-16
Suppose 69*h = 75*h + 24. Suppose 2*n = 4 - 2. Let y(f) = -3 - 2*f + n + 3 + 3*f**2 + 1 + f**3. Give y(h).
-6
Let n(m) = -5*m - 37. Let l(r) = 4*r**2 + 261*r + 61. Let d be l(-65). Determine n(d).
-17
Let x(m) = 695 - 694 - 7*m**2 - m + m**2 - m**2. Calculate x(1).
-7
Let b(r) = -r + 10. Suppose 27 = 20*o - 33. Suppose j + o*j = -y + 29, 2 = 2*y. Determine b(j).
3
Let p(s) = -s**2 - 23*s - 89. Suppose 2664 = m - x + 2677, 0 = 5*x + 25. Determine p(m).
1
Let w(q) = 8*q + 13. Let p = -12771 + 12765. What is w(p)?
-35
Let r = 57 + -52. Let v(l) = 8 + 12*l - r*l - 5*l**2 + 0*l**3 - l**3 + l. Determine v(-6).
-4
Let q be ((-2 - -3) + (-10)/6)*36. Let a(p) = p**3 + 24*p**2 - p - 32. What is a(q)?
-8
Let n(t) = -t**2 - 8*t - 3. Let f be n(-7). Let h(k) = 13*k + f - 34*k + 16*k. What is h(-4)?
24
Let k(y) = y**2 + 38*y. Let v(z) = -z**3 - 10*z**2 - 108*z - 5. Let g(n) = -3*k(n) - v(n). What is g(-9)?
-103
Let j(w) = -5*w - 360. Let k(t) = -9*t - 179. Let o(i) = -3*j(i) + 5*k(i). Give o(6).
5
Let s(m) = -m**3 + 4*m**2 + 3*m + 7. Let t = -4 + 5. Let j(i) = -2*i**2 + 19*i - 5. Let z be j(9). Let n = z + t. What is s(n)?
-3
Let n(q) = 7*q**2 - 7*q - 61. Let t(o) = -o**2 + 3*o + 7. Let w(a